{"id":11,"date":"2012-02-16T21:32:03","date_gmt":"2012-02-16T20:32:03","guid":{"rendered":"http:\/\/bokbindaren.se\/?page_id=11"},"modified":"2025-10-12T21:40:55","modified_gmt":"2025-10-12T20:40:55","slug":"styrelsen","status":"publish","type":"page","link":"https:\/\/bokbindaren.se\/?page_id=11","title":{"rendered":"Styrelsen"},"content":{"rendered":"\n<p>Styrelsen best\u00e5r av f\u00f6ljande personer: (Arbetsf\u00f6rdelning f\u00f6r styrelsen fastst\u00e4lls p\u00e5 det konstituerande styrelsem\u00f6tet 4:e juni 2025)<\/p>\n\n\n\n<p><strong>Ordf\u00f6rande:<\/strong> Ronni Vukanac, nr 43. E-post: ordforande.bokbindaren@gmail.com<br><strong>Sekreterare:&nbsp;<\/strong> Ann-Sofie Hendil-Forsell, nr 77.<br><strong>Kass\u00f6r\/Kabel TV ansvarig:<\/strong>&nbsp;Malin Sevdin, nr 71. E-post: kassor.bokbindaren@gmail.com<br><strong>Ledamot (Sn\u00f6r\u00f6jningsansvarig):<\/strong> Niklas Klevelid, nr 7.<br><strong>Ledamot (Soprums\/Felanm\u00e4lan):<\/strong> Stefan Castemo, nr 93.<br><strong>Webbansvarig och St\u00e4dansvarig:<\/strong>&nbsp;Andreas Rahm, nr 23, ansvarig f\u00f6r hemsidan och &#8221;Vi i Bokbindaren&#8221;<\/p>\n\n\n\n<p><strong>Revisorer:<\/strong><br>Kenneth Finell, nr 19.<br>Suppleant: Jan Kivist\u00f6, nr 109<\/p>\n\n\n\n<p><strong>Valberedning:<\/strong><br>Kathrine Reiser, nr 39.<br>Lena Asplund, nr 51.<\/p>\n\n\n<style>.wp-block-kadence-spacer.kt-block-spacer-11_7b1f8f-d0 .kt-block-spacer{height:79px;}.wp-block-kadence-spacer.kt-block-spacer-11_7b1f8f-d0 .kt-divider{border-top-width:1px;height:1px;border-top-color:var(--global-palette1, #3182CE);width:80%;border-top-style:solid;}<\/style>\n<div class=\"wp-block-kadence-spacer aligncenter kt-block-spacer-11_7b1f8f-d0\"><div class=\"kt-block-spacer kt-block-spacer-halign-center\"><hr class=\"kt-divider\"\/><\/div><\/div>\n\n\n\n<div class=\"wp-block-group\"><div class=\"wp-block-group__inner-container is-layout-constrained wp-block-group-is-layout-constrained\">\n<h2 class=\"wp-block-heading has-text-align-center\">Arbetsf\u00f6rordning f\u00f6r styrelsen i Bokbindarens samf\u00e4llighetsf\u00f6rening<\/h2>\n\n\n\n<p><strong>Styrelsen<\/strong><br>Styrelsen ansvarar f\u00f6r f\u00f6rvaltning av f\u00f6reningens angel\u00e4genheter. Styrelsen skall vidare se till att f\u00f6reningens organisation \u00e4r utformat s\u00e5 att bokf\u00f6ringen och f\u00f6reningens ekonomi f\u00f6rh\u00e5llanden i \u00f6vrigt kontrolleras p\u00e5 ett betryggande s\u00e4tt.<br><br>F\u00f6r verksamhets\u00e5ret 2021 ska nedanst\u00e5ende ansvarsomr\u00e5den f\u00f6rdelas.<\/p>\n\n\n\n<div class=\"wp-block-group\"><div class=\"wp-block-group__inner-container is-layout-constrained wp-block-group-is-layout-constrained\">\n<div class=\"wp-block-group\"><div class=\"wp-block-group__inner-container is-layout-constrained wp-block-group-is-layout-constrained\">\n<div class=\"wp-block-columns is-layout-flex wp-container-core-columns-is-layout-9d6595d7 wp-block-columns-is-layout-flex\">\n<div class=\"wp-block-column is-layout-flow wp-block-column-is-layout-flow\">\n<p><strong>Ordf\u00f6randen, underh\u00e5llsplan<\/strong><br>Ordf\u00f6randen skall leda styrelsens arbete och ansvara f\u00f6r att ordinarie sammantr\u00e4den h\u00e5lls i enlighet med arbetsordningens best\u00e4mmelser. Ordf\u00f6randen \u00e4r \u00e4ven ansvarig f\u00f6r att kallelser till styrelsem\u00f6tena skickas ut till styrelsens ledam\u00f6ter i enlighet med stadgarna. Ordf\u00f6randen \u00e4r \u00e4ven ansvarig f\u00f6r kallelse till ordinarie f\u00f6reningsst\u00e4mma. Ordf\u00f6randen har \u00e4ven ansvar f\u00f6r uppdatering av underh\u00e5llsplanen.<\/p>\n<\/div>\n\n\n\n<div class=\"wp-block-column is-layout-flow wp-block-column-is-layout-flow\">\n<p><strong>Sekreterare<\/strong><br>Sekreteraren skriver protokoll vid varje styrelsem\u00f6te och \u00e4r ansvarig f\u00f6r protokollet distribueras till alla medlemmar. Sekreteraren ansvarar \u00e4ven f\u00f6r f\u00f6rvaltning av f\u00f6reningens protokoll i original. Sekreteraren har tillg\u00e5ng till f\u00f6reningens s\u00e4kerhetssk\u00e5p d\u00e4r protokollen f\u00f6rvaras.<\/p>\n<\/div>\n<\/div>\n\n\n\n<div class=\"wp-block-columns is-layout-flex wp-container-core-columns-is-layout-9d6595d7 wp-block-columns-is-layout-flex\">\n<div class=\"wp-block-column is-layout-flow wp-block-column-is-layout-flow\">\n<p><strong>Kass\u00f6r och medlemsf\u00f6rteckning<\/strong><br>Kass\u00f6ren ansvarar f\u00f6r f\u00f6reningens kassa\/postgiro, l\u00f6pande bokf\u00f6ring, utdebitering av kvartalsavgift, betalning av r\u00e4kningar f\u00f6r f\u00f6reningens kostnader, framst\u00e4llning av \u00e5rsbokslut och f\u00f6rslag till \u00e5rsbudget. Kass\u00f6ren har \u00e4ven tillg\u00e5ng till f\u00f6reningen s\u00e4kerhetssk\u00e5pet d\u00e4r bokf\u00f6ringsunderlagen f\u00f6rvaras.<\/p>\n<\/div>\n\n\n\n<div class=\"wp-block-column is-layout-flow wp-block-column-is-layout-flow\">\n<p><strong>Kabel-TV ansvarig<\/strong><br>Kabel-TV ansvarig ansvarar f\u00f6r f\u00f6reningens sam\u00e4gda kassa\/postgiro, utdebitering av kvartalsavgift, betalning av r\u00e4kningar f\u00f6r f\u00f6reningens kostnader, framst\u00e4llning av \u00e5rsbokslut och f\u00f6rslag till \u00e5rsbudget.<\/p>\n<\/div>\n<\/div>\n<\/div><\/div>\n\n\n\n<div class=\"wp-block-columns is-layout-flex wp-container-core-columns-is-layout-9d6595d7 wp-block-columns-is-layout-flex\">\n<div class=\"wp-block-column is-layout-flow wp-block-column-is-layout-flow\">\n<p><strong>St\u00e4dansvarig<\/strong><br>St\u00e4dansvarig ansvarar f\u00f6r att organisera f\u00f6reningens st\u00e4ddagar inklusive best\u00e4llning av container och information till medlemmarna, h\u00e5lla ordning i f\u00f6rr\u00e5det och kontakt med utsedda st\u00e4dledare. Ansvarar f\u00f6r att ordna lunchen f\u00f6r st\u00e4ddagen.<\/p>\n<\/div>\n\n\n\n<div class=\"wp-block-column is-layout-flow wp-block-column-is-layout-flow\">\n<p><strong>Kontaktperson felanm\u00e4lan och anl\u00e4ggningslogg<\/strong><br>Kontaktperson f\u00f6r felanm\u00e4lan ska vara tillg\u00e4nglig f\u00f6r anm\u00e4lan av olika fel med anl\u00e4ggningen och f\u00f6rdela arbetet inom styrelsen och \u00f6vriga medlemmar beroende p\u00e5 felets art.<br><br>I anl\u00e4ggningsloggen f\u00f6rs uppgifter in om vad sin h\u00e4nder och sker med anl\u00e4ggningen s\u00e5som registrering av anm\u00e4lda fel och vidtagna \u00e5tg\u00e4rder.<\/p>\n<\/div>\n<\/div>\n\n\n\n<div class=\"wp-block-columns is-layout-flex wp-container-core-columns-is-layout-9d6595d7 wp-block-columns-is-layout-flex\">\n<div class=\"wp-block-column is-layout-flow wp-block-column-is-layout-flow\">\n<p><strong>Sn\u00f6r\u00f6jning<\/strong><br>Sn\u00f6r\u00f6jningsavsvarig ansvarar f\u00f6r f\u00f6reningens sk\u00f6tsel av sn\u00f6r\u00f6jning, bortsopning av sand och kontakter med sn\u00f6r\u00f6jjningsfirma och \u00f6vriga samf\u00e4lligheter.<\/p>\n<\/div>\n\n\n\n<div class=\"wp-block-column is-layout-flow wp-block-column-is-layout-flow\">\n<p><strong>Soprum<\/strong><br>Ansvarig f\u00f6r sk\u00f6tsel av f\u00f6reningens soprum och kontakter med S\u00f6dert\u00f6rns renh\u00e5llning.<\/p>\n<\/div>\n<\/div>\n\n\n\n<p><strong>&#8221;Vi i Bokbindaren&#8221;<\/strong><br>Ansvarar f\u00f6r uppdatering av &#8221;Vi i Bokbindaren&#8221; samt hemsida.<\/p>\n<\/div><\/div>\n<\/div><\/div>\n","protected":false},"excerpt":{"rendered":"<p>Styrelsen best\u00e5r av f\u00f6ljande personer: (Arbetsf\u00f6rdelning f\u00f6r styrelsen fastst\u00e4lls p\u00e5 det konstituerande styrelsem\u00f6tet 4:e juni 2025) Ordf\u00f6rande: Ronni Vukanac, nr 43. E-post: ordforande.bokbindaren@gmail.comSekreterare:&nbsp; Ann-Sofie Hendil-Forsell, nr 77.Kass\u00f6r\/Kabel TV ansvarig:&nbsp;Malin Sevdin, nr 71. E-post: kassor.bokbindaren@gmail.comLedamot (Sn\u00f6r\u00f6jningsansvarig): Niklas Klevelid, nr 7.Ledamot (Soprums\/Felanm\u00e4lan): Stefan Castemo, nr 93.Webbansvarig och St\u00e4dansvarig:&nbsp;Andreas Rahm, nr 23, ansvarig f\u00f6r hemsidan och &#8221;Vi i&#8230;<\/p>\n","protected":false},"author":1,"featured_media":0,"parent":0,"menu_order":0,"comment_status":"closed","ping_status":"open","template":"","meta":{"_kadence_starter_templates_imported_post":false,"_kad_post_transparent":"","_kad_post_title":"","_kad_post_layout":"","_kad_post_sidebar_id":"","_kad_post_content_style":"","_kad_post_vertical_padding":"","_kad_post_feature":"","_kad_post_feature_position":"","_kad_post_header":false,"_kad_post_footer":false,"_kad_post_classname":"","footnotes":""},"class_list":["post-11","page","type-page","status-publish","hentry"],"_links":{"self":[{"href":"https:\/\/bokbindaren.se\/index.php?rest_route=\/wp\/v2\/pages\/11","targetHints":{"allow":["GET"]}}],"collection":[{"href":"https:\/\/bokbindaren.se\/index.php?rest_route=\/wp\/v2\/pages"}],"about":[{"href":"https:\/\/bokbindaren.se\/index.php?rest_route=\/wp\/v2\/types\/page"}],"author":[{"embeddable":true,"href":"https:\/\/bokbindaren.se\/index.php?rest_route=\/wp\/v2\/users\/1"}],"replies":[{"embeddable":true,"href":"https:\/\/bokbindaren.se\/index.php?rest_route=%2Fwp%2Fv2%2Fcomments&post=11"}],"version-history":[{"count":34,"href":"https:\/\/bokbindaren.se\/index.php?rest_route=\/wp\/v2\/pages\/11\/revisions"}],"predecessor-version":[{"id":1147,"href":"https:\/\/bokbindaren.se\/index.php?rest_route=\/wp\/v2\/pages\/11\/revisions\/1147"}],"wp:attachment":[{"href":"https:\/\/bokbindaren.se\/index.php?rest_route=%2Fwp%2Fv2%2Fmedia&parent=11"}],"curies":[{"name":"wp","href":"https:\/\/api.w.org\/{rel}","templated":true}]}}

<p>Styrelsen består av följande personer: (Arbetsfördelning för styrelsen fastställs på det konstituerande styrelsemötet 4:e juni 2025)</p>



<p><strong>Ordförande:</strong> Ronni Vukanac, nr 43. E-post: ordforande.bokbindaren@gmail.com<br><strong>Sekreterare:&nbsp;</strong> Ann-Sofie Hendil-Forsell, nr 77.<br><strong>Kassör/Kabel TV ansvarig:</strong>&nbsp;Malin Sevdin, nr 71. E-post: kassor.bokbindaren@gmail.com<br><strong>Ledamot (Snöröjningsansvarig):</strong> Niklas Klevelid, nr 7.<br><strong>Ledamot (Soprums/Felanmälan):</strong> Stefan Castemo, nr 93.<br><strong>Webbansvarig och Städansvarig:</strong>&nbsp;Andreas Rahm, nr 23, ansvarig för hemsidan och &#8221;Vi i Bokbindaren&#8221;</p>



<p><strong>Revisorer:</strong><br>Kenneth Finell, nr 19.<br>Suppleant: Jan Kivistö, nr 109</p>



<p><strong>Valberedning:</strong><br>Kathrine Reiser, nr 39.<br>Lena Asplund, nr 51.</p>


<style>.wp-block-kadence-spacer.kt-block-spacer-11_7b1f8f-d0 .kt-block-spacer{height:79px;}.wp-block-kadence-spacer.kt-block-spacer-11_7b1f8f-d0 .kt-divider{border-top-width:1px;height:1px;border-top-color:var(--global-palette1, #3182CE);width:80%;border-top-style:solid;}</style>
<div class="wp-block-kadence-spacer aligncenter kt-block-spacer-11_7b1f8f-d0"><div class="kt-block-spacer kt-block-spacer-halign-center"><hr class="kt-divider"/></div></div>



<div class="wp-block-group"><div class="wp-block-group__inner-container is-layout-constrained wp-block-group-is-layout-constrained">
<h2 class="wp-block-heading has-text-align-center">Arbetsförordning för styrelsen i Bokbindarens samfällighetsförening</h2>



<p><strong>Styrelsen</strong><br>Styrelsen ansvarar för förvaltning av föreningens angelägenheter. Styrelsen skall vidare se till att föreningens organisation är utformat så att bokföringen och föreningens ekonomi förhållanden i övrigt kontrolleras på ett betryggande sätt.<br><br>För verksamhetsåret 2021 ska nedanstående ansvarsområden fördelas.</p>



<div class="wp-block-group"><div class="wp-block-group__inner-container is-layout-constrained wp-block-group-is-layout-constrained">
<div class="wp-block-group"><div class="wp-block-group__inner-container is-layout-constrained wp-block-group-is-layout-constrained">
<div class="wp-block-columns is-layout-flex wp-container-core-columns-is-layout-9d6595d7 wp-block-columns-is-layout-flex">
<div class="wp-block-column is-layout-flow wp-block-column-is-layout-flow">
<p><strong>Ordföranden, underhållsplan</strong><br>Ordföranden skall leda styrelsens arbete och ansvara för att ordinarie sammanträden hålls i enlighet med arbetsordningens bestämmelser. Ordföranden är även ansvarig för att kallelser till styrelsemötena skickas ut till styrelsens ledamöter i enlighet med stadgarna. Ordföranden är även ansvarig för kallelse till ordinarie föreningsstämma. Ordföranden har även ansvar för uppdatering av underhållsplanen.</p>
</div>



<div class="wp-block-column is-layout-flow wp-block-column-is-layout-flow">
<p><strong>Sekreterare</strong><br>Sekreteraren skriver protokoll vid varje styrelsemöte och är ansvarig för protokollet distribueras till alla medlemmar. Sekreteraren ansvarar även för förvaltning av föreningens protokoll i original. Sekreteraren har tillgång till föreningens säkerhetsskåp där protokollen förvaras.</p>
</div>
</div>



<div class="wp-block-columns is-layout-flex wp-container-core-columns-is-layout-9d6595d7 wp-block-columns-is-layout-flex">
<div class="wp-block-column is-layout-flow wp-block-column-is-layout-flow">
<p><strong>Kassör och medlemsförteckning</strong><br>Kassören ansvarar för föreningens kassa/postgiro, löpande bokföring, utdebitering av kvartalsavgift, betalning av räkningar för föreningens kostnader, framställning av årsbokslut och förslag till årsbudget. Kassören har även tillgång till föreningen säkerhetsskåpet där bokföringsunderlagen förvaras.</p>
</div>



<div class="wp-block-column is-layout-flow wp-block-column-is-layout-flow">
<p><strong>Kabel-TV ansvarig</strong><br>Kabel-TV ansvarig ansvarar för föreningens samägda kassa/postgiro, utdebitering av kvartalsavgift, betalning av räkningar för föreningens kostnader, framställning av årsbokslut och förslag till årsbudget.</p>
</div>
</div>
</div></div>



<div class="wp-block-columns is-layout-flex wp-container-core-columns-is-layout-9d6595d7 wp-block-columns-is-layout-flex">
<div class="wp-block-column is-layout-flow wp-block-column-is-layout-flow">
<p><strong>Städansvarig</strong><br>Städansvarig ansvarar för att organisera föreningens städdagar inklusive beställning av container och information till medlemmarna, hålla ordning i förrådet och kontakt med utsedda städledare. Ansvarar för att ordna lunchen för städdagen.</p>
</div>



<div class="wp-block-column is-layout-flow wp-block-column-is-layout-flow">
<p><strong>Kontaktperson felanmälan och anläggningslogg</strong><br>Kontaktperson för felanmälan ska vara tillgänglig för anmälan av olika fel med anläggningen och fördela arbetet inom styrelsen och övriga medlemmar beroende på felets art.<br><br>I anläggningsloggen förs uppgifter in om vad sin händer och sker med anläggningen såsom registrering av anmälda fel och vidtagna åtgärder.</p>
</div>
</div>



<div class="wp-block-columns is-layout-flex wp-container-core-columns-is-layout-9d6595d7 wp-block-columns-is-layout-flex">
<div class="wp-block-column is-layout-flow wp-block-column-is-layout-flow">
<p><strong>Snöröjning</strong><br>Snöröjningsavsvarig ansvarar för föreningens skötsel av snöröjning, bortsopning av sand och kontakter med snöröjjningsfirma och övriga samfälligheter.</p>
</div>



<div class="wp-block-column is-layout-flow wp-block-column-is-layout-flow">
<p><strong>Soprum</strong><br>Ansvarig för skötsel av föreningens soprum och kontakter med Södertörns renhållning.</p>
</div>
</div>



<p><strong>&#8221;Vi i Bokbindaren&#8221;</strong><br>Ansvarar för uppdatering av &#8221;Vi i Bokbindaren&#8221; samt hemsida.</p>
</div></div>
</div></div>

<p>Styrelsen består av följande personer: (Arbetsfördelning för styrelsen fastställs på det konstituerande styrelsemötet 4:e juni 2025) Ordförande: Ronni Vukanac, nr 43. E-post: ordforande.bokbindaren@gmail.comSekreterare:&nbsp; Ann-Sofie Hendil-Forsell, nr 77.Kassör/Kabel TV ansvarig:&nbsp;Malin Sevdin, nr 71. E-post: kassor.bokbindaren@gmail.comLedamot (Snöröjningsansvarig): Niklas Klevelid, nr 7.Ledamot (Soprums/Felanmälan): Stefan Castemo, nr 93.Webbansvarig och Städansvarig:&nbsp;Andreas Rahm, nr 23, ansvarig för hemsidan och &#8221;Vi i&#8230;</p>
